{"id":12,"date":"2015-03-12T14:09:38","date_gmt":"2015-03-12T14:09:38","guid":{"rendered":"https:\/\/avada.theme-fusion.com_demos\/lifestyle\/?page_id=12"},"modified":"2025-12-15T11:54:52","modified_gmt":"2025-12-15T11:54:52","slug":"hakkimizda","status":"publish","type":"page","link":"https:\/\/seyyarsalincakdonmedolap.com\/index.php\/hakkimizda\/","title":{"rendered":"Hakk\u0131m\u0131zda"},"content":{"rendered":"<div class=\"fusion-fullwidth fullwidth-box fusion-builder-row-1 fusion-flex-container nonhundred-percent-fullwidth non-hundred-percent-height-scrolling\" style=\"--awb-background-position:left top;--awb-border-sizes-top:0px;--awb-border-sizes-bottom:0px;--awb-border-sizes-left:0px;--awb-border-sizes-right:0px;--awb-border-radius-top-left:0px;--awb-border-radius-top-right:0px;--awb-border-radius-bottom-right:0px;--awb-border-radius-bottom-left:0px;--awb-padding-top:110px;--awb-padding-bottom:110px;--awb-padding-top-medium:70px;--awb-padding-bottom-medium:82px;--awb-flex-wrap:wrap;\" ><div class=\"fusion-builder-row fusion-row fusion-flex-align-items-flex-start fusion-flex-content-wrap\" style=\"max-width:1216.8px;margin-left: calc(-4% \/ 2 );margin-right: calc(-4% \/ 2 );\"><div class=\"fusion-layout-column fusion_builder_column fusion-builder-column-0 fusion_builder_column_1_2 1_2 fusion-flex-column\" style=\"--awb-bg-blend:overlay;--awb-bg-size:cover;--awb-width-large:50%;--awb-margin-top-large:0px;--awb-spacing-right-large:3.84%;--awb-margin-bottom-large:0px;--awb-spacing-left-large:3.84%;--awb-width-medium:100%;--awb-spacing-right-medium:1.92%;--awb-spacing-left-medium:1.92%;--awb-width-small:100%;--awb-spacing-right-small:1.92%;--awb-spacing-left-small:1.92%;\"><div class=\"fusion-column-wrapper fusion-flex-justify-content-flex-start fusion-content-layout-column\"><div class=\"fusion-image-element md-text-align-center\" style=\"text-align:left;--awb-caption-title-font-family:var(--h2_typography-font-family);--awb-caption-title-font-weight:var(--h2_typography-font-weight);--awb-caption-title-font-style:var(--h2_typography-font-style);--awb-caption-title-size:var(--h2_typography-font-size);--awb-caption-title-transform:var(--h2_typography-text-transform);--awb-caption-title-line-height:var(--h2_typography-line-height);--awb-caption-title-letter-spacing:var(--h2_typography-letter-spacing);\"><span class=\" fusion-imageframe imageframe-none imageframe-1 hover-type-none\"><img decoding=\"async\" width=\"372\" height=\"580\" title=\"Donme-Dolap\" src=\"https:\/\/seyyarsalincakdonmedolap.com\/wp-content\/uploads\/2025\/11\/Donme-Dolap-2.png\" data-orig-src=\"http:\/\/seyyarsalincakdonmedolap.com\/wp-content\/uploads\/2025\/11\/Donme-Dolap-2.png\" alt class=\"lazyload img-responsive wp-image-893\" srcset=\"data:image\/svg+xml,%3Csvg%20xmlns%3D%27http%3A%2F%2Fwww.w3.org%2F2000%2Fsvg%27%20width%3D%27372%27%20height%3D%27580%27%20viewBox%3D%270%200%20372%20580%27%3E%3Crect%20width%3D%27372%27%20height%3D%27580%27%20fill-opacity%3D%220%22%2F%3E%3C%2Fsvg%3E\" data-srcset=\"https:\/\/seyyarsalincakdonmedolap.com\/wp-content\/uploads\/2025\/11\/Donme-Dolap-2-200x312.png 200w, https:\/\/seyyarsalincakdonmedolap.com\/wp-content\/uploads\/2025\/11\/Donme-Dolap-2.png 372w\" data-sizes=\"auto\" data-orig-sizes=\"(max-width: 800px) 100vw, (max-width: 640px) 100vw, 372px\" \/><\/span><\/div><\/div><\/div><div class=\"fusion-layout-column fusion_builder_column fusion-builder-column-1 fusion_builder_column_1_2 1_2 fusion-flex-column\" style=\"--awb-bg-blend:overlay;--awb-bg-size:cover;--awb-width-large:50%;--awb-margin-top-large:0px;--awb-spacing-right-large:3.84%;--awb-margin-bottom-large:0px;--awb-spacing-left-large:3.84%;--awb-width-medium:100%;--awb-spacing-right-medium:1.92%;--awb-spacing-left-medium:1.92%;--awb-width-small:100%;--awb-spacing-right-small:1.92%;--awb-spacing-left-small:1.92%;\"><div class=\"fusion-column-wrapper fusion-flex-justify-content-flex-start fusion-content-layout-column\"><div class=\"fusion-title title fusion-title-1 fusion-sep-none fusion-title-text fusion-title-size-two\" style=\"--awb-margin-bottom:20px;\"><h2 class=\"fusion-title-heading title-heading-left\" style=\"margin:0;\">HAKKIMIZDA<\/h2><\/div><div class=\"fusion-title title fusion-title-2 fusion-sep-none fusion-title-text fusion-title-size-three\" style=\"--awb-margin-bottom:15px;\"><h3 class=\"fusion-title-heading title-heading-left\" style=\"margin:0;\">E\u011flence Sekt\u00f6r\u00fcnde 36 Y\u0131ll\u0131k Tecr\u00fcbe ve G\u00fcven<\/h3><\/div><div class=\"fusion-separator fusion-full-width-sep\" style=\"align-self: center;margin-left: auto;margin-right: auto;margin-top:15px;width:100%;\"><\/div><div class=\"fusion-text fusion-text-1\"><p data-path-to-node=\"6\">Sekt\u00f6rdeki 36 y\u0131ll\u0131k k\u00f6kl\u00fc ge\u00e7mi\u015fimizle, e\u011flence d\u00fcnyas\u0131na de\u011fer katmaya devam ediyoruz. \u0130stanbul Pendik&#8217;te bulunan fabrikam\u0131zda, y\u0131llar\u0131n verdi\u011fi deneyimi modern \u00fcretim standartlar\u0131yla birle\u015ftirerek <b>seyyar sal\u0131ncak<\/b> ve <b>d\u00f6nme dolap<\/b> \u00fcretimi ger\u00e7ekle\u015ftiriyoruz.<\/p>\n<p data-path-to-node=\"7\">\u00dcretimini yapt\u0131\u011f\u0131m\u0131z \u00fcr\u00fcnleri sadece yerel pazarla s\u0131n\u0131rl\u0131 tutmuyor, s\u0131n\u0131rlar\u0131 a\u015f\u0131yoruz. T\u00fcrkiye&#8217;nin d\u00f6rt bir yan\u0131na, 81 ile <b>kap\u0131da \u00f6deme g\u00fcvencesiyle<\/b> kargo imkan\u0131 sunarak m\u00fc\u015fterilerimize g\u00fcvenli bir al\u0131\u015fveri\u015f deneyimi ya\u015fat\u0131yoruz.<\/p>\n<p data-path-to-node=\"8\">Global vizyonumuz \u00e7er\u00e7evesinde <b>Romanya<\/b> ve <b>Azerbaycan<\/b> ba\u015fta olmak \u00fczere, d\u00fcnyan\u0131n b\u00fct\u00fcn \u00fclkelerine g\u00f6nderim yaparak kalitemizi uluslararas\u0131 arenaya ta\u015f\u0131yoruz. M\u00fc\u015fteri memnuniyetini esas alan \u00fcretim anlay\u0131\u015f\u0131m\u0131zla, \u0130stanbul Pendik Kurna Mahallesi&#8217;ndeki tesisimizde (11470 Ada) hizmet vermeye devam etmekteyiz.<\/p>\n<p data-path-to-node=\"9\"><b>\u0130leti\u015fim &amp; Adres:<\/b><\/p>\n<ul data-path-to-node=\"10\">\n<li>\n<p data-path-to-node=\"10,0,0\"><b>Telefon:<\/b> 0531 646 98 71<\/p>\n<\/li>\n<li>\n<p data-path-to-node=\"10,1,0\"><b>Adres:<\/b> Kurna Mh. 11470 Ada, Pendik \/ \u0130stanbul<\/p>\n<\/li>\n<\/ul>\n<\/div><div class=\"fusion-separator fusion-full-width-sep\" style=\"align-self: center;margin-left: auto;margin-right: auto;margin-top:15px;width:100%;\"><\/div><div class=\"fusion-form fusion-form-builder fusion-form-form-wrapper fusion-form-654\" style=\"--awb-tooltip-text-color:#ffffff;--awb-tooltip-background-color:#333333;\" data-form-id=\"654\" data-config=\"{&quot;form_id&quot;:&quot;654&quot;,&quot;form_post_id&quot;:&quot;654&quot;,&quot;post_id&quot;:12,&quot;form_type&quot;:&quot;ajax&quot;,&quot;confirmation_type&quot;:&quot;message&quot;,&quot;redirect_url&quot;:&quot;&quot;,&quot;field_labels&quot;:{&quot;telefon&quot;:&quot;&quot;},&quot;field_logics&quot;:{&quot;telefon&quot;:&quot;&quot;,&quot;submit_1&quot;:&quot;&quot;,&quot;notice_1&quot;:&quot;&quot;},&quot;field_types&quot;:{&quot;telefon&quot;:&quot;phone_number&quot;,&quot;submit_1&quot;:&quot;submit&quot;,&quot;notice_1&quot;:&quot;notice&quot;},&quot;nonce_method&quot;:&quot;ajax&quot;}\"><form action=\"https:\/\/seyyarsalincakdonmedolap.com\/index.php\/hakkimizda\/\" method=\"post\" class=\"fusion-form fusion-form-654\"><div class=\"fusion-fullwidth fullwidth-box fusion-builder-row-1-1 fusion-flex-container nonhundred-percent-fullwidth non-hundred-percent-height-scrolling\" style=\"--awb-border-radius-top-left:0px;--awb-border-radius-top-right:0px;--awb-border-radius-bottom-right:0px;--awb-border-radius-bottom-left:0px;--awb-padding-top:0px;--awb-padding-right:0px;--awb-padding-bottom:0px;--awb-padding-left:0px;--awb-flex-wrap:wrap;\" ><div class=\"fusion-builder-row fusion-row fusion-flex-align-items-flex-start fusion-flex-content-wrap\" style=\"width:104% !important;max-width:104% !important;margin-left: calc(-4% \/ 2 );margin-right: calc(-4% \/ 2 );\"><div class=\"fusion-layout-column fusion_builder_column fusion-builder-column-2 fusion_builder_column_2_3 2_3 fusion-flex-column\" style=\"--awb-bg-size:cover;--awb-width-large:66.666666666667%;--awb-flex-grow:0;--awb-flex-shrink:0;--awb-margin-top-large:0px;--awb-spacing-right-large:2.88%;--awb-margin-bottom-large:0px;--awb-spacing-left-large:2.88%;--awb-width-medium:100%;--awb-order-medium:0;--awb-flex-grow-medium:0;--awb-flex-shrink-medium:0;--awb-spacing-right-medium:1.92%;--awb-spacing-left-medium:1.92%;--awb-width-small:100%;--awb-order-small:0;--awb-flex-grow-small:0;--awb-flex-shrink-small:0;--awb-spacing-right-small:1.92%;--awb-spacing-left-small:1.92%;\"><div class=\"fusion-column-wrapper fusion-column-has-shadow fusion-flex-justify-content-flex-start fusion-content-layout-column\"><div class=\"fusion-form-field fusion-form-phone-number-field fusion-form-label-above\" style=\"\" data-form-id=\"654\"><div class=\"fusion-form-input-with-icon\"><i class=\"awb-form-icon fa-phone-square-alt fas\"><\/i><input type=\"tel\" autocomplete=\"off\" name=\"telefon\" id=\"telefon\" value=\"\"  class=\"fusion-form-input\" placeholder=\"telefon numaran\u0131z\u0131 buraya yaz\u0131n l\u00fctfen \" data-holds-private-data=\"false\"\/><\/div><\/div><\/div><\/div><div class=\"fusion-layout-column fusion_builder_column fusion-builder-column-3 fusion_builder_column_1_3 1_3 fusion-flex-column\" style=\"--awb-bg-size:cover;--awb-width-large:33.333333333333%;--awb-flex-grow:0;--awb-flex-shrink:0;--awb-margin-top-large:0px;--awb-spacing-right-large:5.76%;--awb-margin-bottom-large:0px;--awb-spacing-left-large:5.76%;--awb-width-medium:100%;--awb-order-medium:0;--awb-flex-grow-medium:0;--awb-flex-shrink-medium:0;--awb-spacing-right-medium:1.92%;--awb-spacing-left-medium:1.92%;--awb-width-small:100%;--awb-order-small:0;--awb-flex-grow-small:0;--awb-flex-shrink-small:0;--awb-spacing-right-small:1.92%;--awb-spacing-left-small:1.92%;\"><div class=\"fusion-column-wrapper fusion-column-has-shadow fusion-flex-justify-content-flex-start fusion-content-layout-column\"><div class=\"fusion-form-field fusion-form-submit-field fusion-form-label-above\" style=\"\" data-form-id=\"654\"><div ><button type=\"submit\" class=\"fusion-button button-flat fusion-button-default-size button-default fusion-button-default button-1 fusion-button-span-yes  form-form-submit button-default\" data-form-number=\"654\" tabindex=\"\"><span class=\"fusion-button-text awb-button__text awb-button__text--default\">G\u00f6nder<\/span><\/button><\/div><\/div><\/div><\/div><div class=\"fusion-layout-column fusion_builder_column fusion-builder-column-4 fusion_builder_column_1_1 1_1 fusion-flex-column\" style=\"--awb-bg-size:cover;--awb-width-large:100%;--awb-flex-grow:0;--awb-flex-shrink:0;--awb-margin-top-large:20px;--awb-spacing-right-large:1.92%;--awb-margin-bottom-large:0px;--awb-spacing-left-large:1.92%;--awb-width-medium:100%;--awb-order-medium:0;--awb-flex-grow-medium:0;--awb-flex-shrink-medium:0;--awb-spacing-right-medium:1.92%;--awb-spacing-left-medium:1.92%;--awb-width-small:100%;--awb-order-small:0;--awb-flex-grow-small:0;--awb-flex-shrink-small:0;--awb-spacing-right-small:1.92%;--awb-spacing-left-small:1.92%;\"><div class=\"fusion-column-wrapper fusion-column-has-shadow fusion-flex-justify-content-flex-start fusion-content-layout-column\"><div class=\"form-submission-notices data-notice_1\" id=\"fusion-notices-1\"><div class=\"fusion-alert alert success alert-success fusion-alert-center fusion-form-response fusion-form-response-success fusion-alert-capitalize awb-alert-native-link-color alert-dismissable awb-alert-close-boxed\" role=\"alert\"><div class=\"fusion-alert-content-wrapper\"><span class=\"alert-icon\"><i class=\"awb-icon-check-circle\" aria-hidden=\"true\"><\/i><\/span><span class=\"fusion-alert-content\">Thank you for your message. It has been sent.<\/span><\/div><button type=\"button\" class=\"close toggle-alert\" data-dismiss=\"alert\" aria-label=\"Close\">&times;<\/button><\/div><div class=\"fusion-alert alert error alert-danger fusion-alert-center fusion-form-response fusion-form-response-error fusion-alert-capitalize awb-alert-native-link-color alert-dismissable awb-alert-close-boxed\" role=\"alert\"><div class=\"fusion-alert-content-wrapper\"><span class=\"alert-icon\"><i class=\"awb-icon-exclamation-triangle\" aria-hidden=\"true\"><\/i><\/span><span class=\"fusion-alert-content\">There was an error trying to send your message. Please try again later.<\/span><\/div><button type=\"button\" class=\"close toggle-alert\" data-dismiss=\"alert\" aria-label=\"Close\">&times;<\/button><\/div><\/div><\/div><\/div><\/div><\/div><input type=\"hidden\" name=\"fusion_privacy_store_ip_ua\" value=\"false\"><input type=\"hidden\" name=\"fusion_privacy_expiration_interval\" value=\"48\"><input type=\"hidden\" name=\"privacy_expiration_action\" value=\"anonymize\"><\/form><\/div><\/div><\/div><\/div><\/div>\n","protected":false},"excerpt":{"rendered":"","protected":false},"author":1,"featured_media":0,"parent":0,"menu_order":0,"comment_status":"closed","ping_status":"open","template":"100-width.php","meta":{"footnotes":""},"class_list":["post-12","page","type-page","status-publish","hentry"],"yoast_head":"<!-- This site is optimized with the Yoast SEO plugin v26.6 - https:\/\/yoast.com\/wordpress\/plugins\/seo\/ -->\n<title>Hakk\u0131m\u0131zda - Seyyar Sal\u0131ncak D\u00f6nme Dolap<\/title>\n<meta name=\"robots\" content=\"index, follow, max-snippet:-1, max-image-preview:large, max-video-preview:-1\" \/>\n<link rel=\"canonical\" href=\"https:\/\/seyyarsalincakdonmedolap.com\/index.php\/hakkimizda\/\" \/>\n<meta property=\"og:locale\" content=\"en_US\" \/>\n<meta property=\"og:type\" content=\"article\" \/>\n<meta property=\"og:title\" content=\"Hakk\u0131m\u0131zda - Seyyar Sal\u0131ncak D\u00f6nme Dolap\" \/>\n<meta property=\"og:url\" content=\"https:\/\/seyyarsalincakdonmedolap.com\/index.php\/hakkimizda\/\" \/>\n<meta property=\"og:site_name\" content=\"Seyyar Sal\u0131ncak D\u00f6nme Dolap\" \/>\n<meta property=\"article:modified_time\" content=\"2025-12-15T11:54:52+00:00\" \/>\n<meta name=\"twitter:card\" content=\"summary_large_image\" \/>\n<meta name=\"twitter:label1\" content=\"Est. reading time\" \/>\n\t<meta name=\"twitter:data1\" content=\"1 minute\" \/>\n<script type=\"application\/ld+json\" class=\"yoast-schema-graph\">{\"@context\":\"https:\/\/schema.org\",\"@graph\":[{\"@type\":\"WebPage\",\"@id\":\"https:\/\/seyyarsalincakdonmedolap.com\/index.php\/hakkimizda\/\",\"url\":\"https:\/\/seyyarsalincakdonmedolap.com\/index.php\/hakkimizda\/\",\"name\":\"Hakk\u0131m\u0131zda - Seyyar Sal\u0131ncak D\u00f6nme Dolap\",\"isPartOf\":{\"@id\":\"http:\/\/seyyarsalincakdonmedolap.com\/#website\"},\"datePublished\":\"2015-03-12T14:09:38+00:00\",\"dateModified\":\"2025-12-15T11:54:52+00:00\",\"breadcrumb\":{\"@id\":\"https:\/\/seyyarsalincakdonmedolap.com\/index.php\/hakkimizda\/#breadcrumb\"},\"inLanguage\":\"en-US\",\"potentialAction\":[{\"@type\":\"ReadAction\",\"target\":[\"https:\/\/seyyarsalincakdonmedolap.com\/index.php\/hakkimizda\/\"]}]},{\"@type\":\"BreadcrumbList\",\"@id\":\"https:\/\/seyyarsalincakdonmedolap.com\/index.php\/hakkimizda\/#breadcrumb\",\"itemListElement\":[{\"@type\":\"ListItem\",\"position\":1,\"name\":\"Home\",\"item\":\"http:\/\/seyyarsalincakdonmedolap.com\/\"},{\"@type\":\"ListItem\",\"position\":2,\"name\":\"Hakk\u0131m\u0131zda\"}]},{\"@type\":\"WebSite\",\"@id\":\"http:\/\/seyyarsalincakdonmedolap.com\/#website\",\"url\":\"http:\/\/seyyarsalincakdonmedolap.com\/\",\"name\":\"Seyyar Sal\u0131ncak D\u00f6nme Dolap\",\"description\":\"Seyyar Sal\u0131ncak ve D\u00f6nme Dolap \u00dcretimi ve Sat\u0131\u015f\u0131\",\"potentialAction\":[{\"@type\":\"SearchAction\",\"target\":{\"@type\":\"EntryPoint\",\"urlTemplate\":\"http:\/\/seyyarsalincakdonmedolap.com\/?s={search_term_string}\"},\"query-input\":{\"@type\":\"PropertyValueSpecification\",\"valueRequired\":true,\"valueName\":\"search_term_string\"}}],\"inLanguage\":\"en-US\"}]}<\/script>\n<!-- \/ Yoast SEO plugin. -->","yoast_head_json":{"title":"Hakk\u0131m\u0131zda - Seyyar Sal\u0131ncak D\u00f6nme Dolap","robots":{"index":"index","follow":"follow","max-snippet":"max-snippet:-1","max-image-preview":"max-image-preview:large","max-video-preview":"max-video-preview:-1"},"canonical":"https:\/\/seyyarsalincakdonmedolap.com\/index.php\/hakkimizda\/","og_locale":"en_US","og_type":"article","og_title":"Hakk\u0131m\u0131zda - Seyyar Sal\u0131ncak D\u00f6nme Dolap","og_url":"https:\/\/seyyarsalincakdonmedolap.com\/index.php\/hakkimizda\/","og_site_name":"Seyyar Sal\u0131ncak D\u00f6nme Dolap","article_modified_time":"2025-12-15T11:54:52+00:00","twitter_card":"summary_large_image","twitter_misc":{"Est. reading time":"1 minute"},"schema":{"@context":"https:\/\/schema.org","@graph":[{"@type":"WebPage","@id":"https:\/\/seyyarsalincakdonmedolap.com\/index.php\/hakkimizda\/","url":"https:\/\/seyyarsalincakdonmedolap.com\/index.php\/hakkimizda\/","name":"Hakk\u0131m\u0131zda - Seyyar Sal\u0131ncak D\u00f6nme Dolap","isPartOf":{"@id":"http:\/\/seyyarsalincakdonmedolap.com\/#website"},"datePublished":"2015-03-12T14:09:38+00:00","dateModified":"2025-12-15T11:54:52+00:00","breadcrumb":{"@id":"https:\/\/seyyarsalincakdonmedolap.com\/index.php\/hakkimizda\/#breadcrumb"},"inLanguage":"en-US","potentialAction":[{"@type":"ReadAction","target":["https:\/\/seyyarsalincakdonmedolap.com\/index.php\/hakkimizda\/"]}]},{"@type":"BreadcrumbList","@id":"https:\/\/seyyarsalincakdonmedolap.com\/index.php\/hakkimizda\/#breadcrumb","itemListElement":[{"@type":"ListItem","position":1,"name":"Home","item":"http:\/\/seyyarsalincakdonmedolap.com\/"},{"@type":"ListItem","position":2,"name":"Hakk\u0131m\u0131zda"}]},{"@type":"WebSite","@id":"http:\/\/seyyarsalincakdonmedolap.com\/#website","url":"http:\/\/seyyarsalincakdonmedolap.com\/","name":"Seyyar Sal\u0131ncak D\u00f6nme Dolap","description":"Seyyar Sal\u0131ncak ve D\u00f6nme Dolap \u00dcretimi ve Sat\u0131\u015f\u0131","potentialAction":[{"@type":"SearchAction","target":{"@type":"EntryPoint","urlTemplate":"http:\/\/seyyarsalincakdonmedolap.com\/?s={search_term_string}"},"query-input":{"@type":"PropertyValueSpecification","valueRequired":true,"valueName":"search_term_string"}}],"inLanguage":"en-US"}]}},"_links":{"self":[{"href":"https:\/\/seyyarsalincakdonmedolap.com\/index.php\/wp-json\/wp\/v2\/pages\/12","targetHints":{"allow":["GET"]}}],"collection":[{"href":"https:\/\/seyyarsalincakdonmedolap.com\/index.php\/wp-json\/wp\/v2\/pages"}],"about":[{"href":"https:\/\/seyyarsalincakdonmedolap.com\/index.php\/wp-json\/wp\/v2\/types\/page"}],"author":[{"embeddable":true,"href":"https:\/\/seyyarsalincakdonmedolap.com\/index.php\/wp-json\/wp\/v2\/users\/1"}],"replies":[{"embeddable":true,"href":"https:\/\/seyyarsalincakdonmedolap.com\/index.php\/wp-json\/wp\/v2\/comments?post=12"}],"version-history":[{"count":4,"href":"https:\/\/seyyarsalincakdonmedolap.com\/index.php\/wp-json\/wp\/v2\/pages\/12\/revisions"}],"predecessor-version":[{"id":826,"href":"https:\/\/seyyarsalincakdonmedolap.com\/index.php\/wp-json\/wp\/v2\/pages\/12\/revisions\/826"}],"wp:attachment":[{"href":"https:\/\/seyyarsalincakdonmedolap.com\/index.php\/wp-json\/wp\/v2\/media?parent=12"}],"curies":[{"name":"wp","href":"https:\/\/api.w.org\/{rel}","templated":true}]}}